{"id":596,"date":"2021-05-18T18:07:54","date_gmt":"2021-05-18T18:07:54","guid":{"rendered":"https:\/\/www.contel.hr\/2021\/?page_id=596"},"modified":"2022-03-21T08:19:14","modified_gmt":"2022-03-21T08:19:14","slug":"phd-forum","status":"publish","type":"page","link":"https:\/\/www.contel.hr\/2021\/phd-forum\/","title":{"rendered":"PhD Forum"},"content":{"rendered":"\n<h3>PhD Forum Proceedings<\/h3>\n\n\n\n<p><strong><a href=\"https:\/\/www.contel.hr\/2021\/wp-content\/uploads\/2022\/03\/ConTEL_PhD_Forum_digital.pdf\"><span class=\"has-inline-color has-vivid-red-color\">***** PhD Forum proceedings are HERE. *****<\/span><\/a><span class=\"has-inline-color has-vivid-red-color\"><br><br><\/span><\/strong><\/p>\n\n\n\n<p>The PhD Forum provides an opportunity for doctoral students to present their work related to the ConTEL 2021 conference topics to a wider community of researchers from academia and industry. Its aim is also to encourage interaction and networking among doctoral students from different universities.<\/p>\n\n\n\n<h3>How it works<\/h3>\n\n\n\n<p>Doctoral students are invited to <strong>submit a two-page extended abstract<\/strong> for review and possible inclusion in the PhD Forum program. <\/p>\n\n\n\n<blockquote class=\"wp-block-quote\"><p>Call for submissions is also available <a rel=\"noreferrer noopener\" href=\"https:\/\/www.contel.hr\/2021\/wp-content\/uploads\/2021\/05\/ConTEL2021_PhDf_cfp.pdf\" target=\"_blank\">as (PDF)<\/a> .<\/p><\/blockquote>\n\n\n\n<p>The content of the submission should focus on <strong>one&#8217;s own research work and future thesis contribution<\/strong> &#8211; not the work of research team (or the project they are involved in) as a whole. <\/p>\n\n\n\n<blockquote class=\"wp-block-quote\"><p>Here are the detailed <a href=\"https:\/\/www.contel.hr\/2021\/instructions-for-phd-forum-authors\/\" data-type=\"page\" data-id=\"626\"><strong>instructions and templates for PhD Forum authors<\/strong><\/a> on how to prepare their papers (extended-abstracts), posters, and presentations. <\/p><\/blockquote>\n\n\n\n<p>The sequence of events related to the PhD Forum is described below.<\/p>\n\n\n\n<p>The extended abstracts should be formatted according to the ConTEL 2021 regular paper format, but limited to <strong>two (2) pages in total<\/strong>, and submitted electronically before the submission deadline, via <a rel=\"noreferrer noopener\" href=\"https:\/\/edas.info\/newPaper.php?c=28024&amp;track=107669\" data-type=\"URL\" target=\"_blank\">EDAS (PhD Forum track)<\/a>. The extended abstract should contain the title, the name and the affiliations of the student and her\/his advisor(s), the summary of research goals\/results (of maximum 150 words), the research topic presentation, graphical illustrations to aid the presentation, and the list of references. <\/p>\n\n\n\n<p>All submissions will be reviewed, and once the review process is complete, the authors will received a notification containing the reviewers&#8217; comments and the review outcome (acceptance or rejection).<\/p>\n\n\n\n<p>The authors of accepted submissions will be asked to <strong>prepare a poster<\/strong>, to be personally presented by the doctoral student at the Forum. <\/p>\n\n\n\n<p>The PhD Forum will be organized as a poster session, preceded by a fast-paced introduction by each student that offers a preview of the posters. Each student will be given a strictly-timed <strong>2-minutes<\/strong>\u2019 slot to present a <strong>\u201cpitch talk\u201d<\/strong> about her\/his research. The purpose of the pitch talk is to provide a brief outline of one&#8217;s doctoral research work, with the goal to raise awareness and generate further discussion over the poster session that follows next. <\/p>\n\n\n\n<h3>Review process<\/h3>\n\n\n\n<p>To keep within the time limits of PhD Forum as a whole, the number of PhD presentations\/posters will be limited to 20. All submissions will be reviewed by the PhD Forum Program &amp; Organizing Committee  and\/or other TPC members and reviewers involved in the main conference, based on relevance to the conference, innovativeness, and quality of presentation. All accepted and presented submissions will be included in the <strong>Book of Abstracts<\/strong> of the ConTEL 2021 PhD Forum, to be published after the conference.<\/p>\n\n\n\n<h3><a id=\"reg\"><\/a>Registration<\/h3>\n\n\n\n<p>For authors of accepted presentations\/posters, <strong>who already registered for the conference<\/strong>, the PhD Forum registration fee is waived (i. e., they are not required to do pay an extra registration).<\/p>\n\n\n\n<p>For authors of accepted presentations\/posters (not registered otherwise), the <strong>PhD Forum registration fee<\/strong> is 100 EUR and it includes: 1) PhD Forum participation; 2) Book of Abstracts (printed and electronic version); 3) access to other ConTEL 2021 conference sessions; 4) coffee breaks; conference luncheons; 5) accommodation.<\/p>\n\n\n\n<p>For authors of accepted presentations\/posters (not registered otherwise), <strong>who participate online-only<\/strong>, PhD Forum registration fee is reduced to 50 EUR and it includes: 1) PhD Forum participation; 2) Book of Abstracts (electronic version only); 3) online access to other ConTEL 2021 conference sessions. <\/p>\n\n\n\n<p><strong>Registration for the PhD Forum is available via this <a href=\"https:\/\/docs.google.com\/forms\/d\/1aRX4b66i4XsIh_z8U0vD5Evi0J4T5vVamN_5HCveX1A\/viewform?ts=602bd9a0&amp;gxids=7628&amp;edit_requested=true\">link<\/a>.<\/strong> <\/p>\n\n\n\n<p>For other students (all levels: B. Sc., M. Sc. and PhD) who only attend the PhD Forum event (not the conference), there will be no registration fee but a (free) registration is required. To use this option, please send e-mail to to the Organizing Committee Chair&nbsp;Jasna Slavini\u0107 (<a data-noscript-removed-href=\"javascript:;\">jasna.slavinic@fer.hr<\/a>).<\/p>\n\n\n\n<h3>Committees<\/h3>\n\n\n\n<h5><strong>Steering Committee<\/strong><\/h5>\n\n\n\n<p><strong>Maja Matija\u0161evi\u0107<\/strong>, University of Zagreb, <em>Chair<\/em><br><strong>Dinko Begu\u0161i\u0107<\/strong>, University of Split<br><strong>Tihana Galinac-Grbac<\/strong>, Juraj Dobrila University of Pula<br><strong>Darko Huljeni\u0107<\/strong>, Ericsson Nikola Tesla <br><strong>Drago \u017dagar<\/strong>, Josip Juraj Strossmayer University of Osijek<\/p>\n\n\n\n<h5><strong>Program &amp; Organizing Committee<\/strong><\/h5>\n\n\n\n<p><strong>Irena Or\u0161oli\u0107<\/strong>, University of Zagreb, <em>Chair<\/em><br><strong>Andrej Grguri\u0107<\/strong>, Ericsson Nikola Tesla<br><strong>Vi\u0161nja Kri\u017eanovi\u0107<\/strong>, Josip Juraj Strossmayer University of Osijek<br><strong>Goran Mau\u0161a<\/strong>, University of Rijeka<br><strong>Maja \u0160kiljo<\/strong>, University of Split <br><strong>Reinhard Teschl<\/strong>, Graz University of Technology<br><\/p>\n\n\n\n<h3>Previous events<\/h3>\n\n\n\n<p>The 2021 PhD Forum is the sixth in the series. The previous editions of this event were co-organized and co-located with the following ICT-related  conferences taking place in Croatia:<\/p>\n\n\n\n<ul><li><a rel=\"noreferrer noopener\" href=\"http:\/\/marjan.fesb.hr\/SoftCOM\/2016\/PhDForum.html\" target=\"_blank\">1st PhD Forum<\/a>, at SoftCOM 2016, Split, September 22, 2016 (<a rel=\"noreferrer noopener\" href=\"http:\/\/marjan.fesb.hr\/SoftCOM\/2016\/files\/apk\/book%20of%20abstracts_phd%20forum_2016.pdf\" target=\"_blank\">Book of Abstracts<\/a>), <\/li><li><a rel=\"noreferrer noopener\" href=\"http:\/\/www.contel.hr\/2017\/phd-forum\/\" target=\"_blank\">2nd PhD Forum<\/a>, at ConTEL 2017, Zagreb, June 28, 2017 (<a rel=\"noreferrer noopener\" href=\"http:\/\/www.contel.hr\/2017\/wp-content\/uploads\/2018\/01\/ConTEL17-PhD_Forum-Book_of_Abstracts.pdf\" target=\"_blank\">Book of Abstracts<\/a>) , <\/li><li><a rel=\"noreferrer noopener\" href=\"http:\/\/sst-conference.org\/index.php\/phd-forum\/\" target=\"_blank\">3rd PhD Forum<\/a>, at SST 2018, Osijek, October 11, 2018 (<a rel=\"noreferrer noopener\" href=\"https:\/\/www.bib.irb.hr\/1094472\/download\/1094472.PhD-forum-book_of_abstracts-SST2018.pdf\" target=\"_blank\">Book of Abstracts<\/a>),<\/li><li><a href=\"http:\/\/softcom2019.fesb.unist.hr\/authors\/phd-forum\/\">4th PhD Forum<\/a>, at SoftCOM 2019, Split, September 20, 2019 (<a rel=\"noreferrer noopener\" href=\"http:\/\/softcom2019.fesb.unist.hr\/wp-content\/uploads\/2020\/03\/book-of-abstracts_phd-forum_2019_final.pdf\" target=\"_blank\">Book of Abstracts<\/a>), <\/li><li><a rel=\"noreferrer noopener\" href=\"http:\/\/softcom2020.fesb.unist.hr\/authors\/phd-forum\/\" target=\"_blank\">5th PhD Forum<\/a>, at SoftCOM 2020, Split, September 18, 2020 (<a rel=\"noreferrer noopener\" href=\"http:\/\/softcom2020.fesb.unist.hr\/wp-content\/uploads\/2020\/11\/book-of-abstracts_phd-forum_2020_final.pdf\" target=\"_blank\">Book of Abstracts<\/a>). <\/li><\/ul>\n","protected":false},"excerpt":{"rendered":"<p>PhD Forum Proceedings ***** PhD Forum proceedings are HERE. ***** The PhD Forum provides an opportunity for doctoral students to present their work related to the ConTEL 2021 conference topics to a wider community of researchers from academia and industry. Its aim is also to encourage interaction and networking among doctoral students from different universities. [&hellip;]<\/p>\n","protected":false},"author":3,"featured_media":0,"parent":0,"menu_order":0,"comment_status":"closed","ping_status":"closed","template":"","meta":[],"_links":{"self":[{"href":"https:\/\/www.contel.hr\/2021\/wp-json\/wp\/v2\/pages\/596"}],"collection":[{"href":"https:\/\/www.contel.hr\/2021\/wp-json\/wp\/v2\/pages"}],"about":[{"href":"https:\/\/www.contel.hr\/2021\/wp-json\/wp\/v2\/types\/page"}],"author":[{"embeddable":true,"href":"https:\/\/www.contel.hr\/2021\/wp-json\/wp\/v2\/users\/3"}],"replies":[{"embeddable":true,"href":"https:\/\/www.contel.hr\/2021\/wp-json\/wp\/v2\/comments?post=596"}],"version-history":[{"count":32,"href":"https:\/\/www.contel.hr\/2021\/wp-json\/wp\/v2\/pages\/596\/revisions"}],"predecessor-version":[{"id":936,"href":"https:\/\/www.contel.hr\/2021\/wp-json\/wp\/v2\/pages\/596\/revisions\/936"}],"wp:attachment":[{"href":"https:\/\/www.contel.hr\/2021\/wp-json\/wp\/v2\/media?parent=596"}],"curies":[{"name":"wp","href":"https:\/\/api.w.org\/{rel}","templated":true}]}}