{"id":68,"date":"2020-12-09T23:34:44","date_gmt":"2020-12-09T23:34:44","guid":{"rendered":"https:\/\/www.contel.hr\/2021\/?page_id=68"},"modified":"2020-12-10T11:03:24","modified_gmt":"2020-12-10T11:03:24","slug":"contact","status":"publish","type":"page","link":"https:\/\/www.contel.hr\/2021\/contact\/","title":{"rendered":"Contact"},"content":{"rendered":"<div id=\"wp-block-themeisle-blocks-advanced-column-b97611a6\" class=\"wp-block-themeisle-blocks-advanced-column\">&nbsp;<\/div>\n\n\n<p>Email:<\/p>\n\n\n\n<ul><li>Mario Ku\u0161ek, General Chair (<a href=\"mailto:mario.kusek@fer.hr\">mario.kusek@fer.hr<\/a>)<\/li><li>Marin Vukovi\u0107, Program Chair (<a href=\"mailto:marin.vukovic@fer.hr\">marin.vukovic@fer.hr<\/a>)<\/li><li>Jasna Slavini\u0107, Organizing Committee Chair (<a href=\"mailto:jasna.slavinic@fer.hr\">jasna.slavinic@fer.hr<\/a>)<\/li><\/ul>\n\n\n\n<p>Phone:<\/p>\n\n\n\n<ul><li>+385 1 6129 810, Jasna Slavini\u0107, Organizing Committee Chair<\/li><\/ul>\n\n\n\n<p><\/p>\n","protected":false},"excerpt":{"rendered":"<p>&nbsp; Email: Mario Ku\u0161ek, General Chair (mario.kusek@fer.hr) Marin Vukovi\u0107, Program Chair (marin.vukovic@fer.hr) Jasna Slavini\u0107, Organizing Committee Chair (jasna.slavinic@fer.hr) Phone: +385 1 6129 810, Jasna Slavini\u0107, Organizing Committee Chair<\/p>\n","protected":false},"author":1,"featured_media":0,"parent":0,"menu_order":0,"comment_status":"closed","ping_status":"closed","template":"","meta":[],"_links":{"self":[{"href":"https:\/\/www.contel.hr\/2021\/wp-json\/wp\/v2\/pages\/68"}],"collection":[{"href":"https:\/\/www.contel.hr\/2021\/wp-json\/wp\/v2\/pages"}],"about":[{"href":"https:\/\/www.contel.hr\/2021\/wp-json\/wp\/v2\/types\/page"}],"author":[{"embeddable":true,"href":"https:\/\/www.contel.hr\/2021\/wp-json\/wp\/v2\/users\/1"}],"replies":[{"embeddable":true,"href":"https:\/\/www.contel.hr\/2021\/wp-json\/wp\/v2\/comments?post=68"}],"version-history":[{"count":5,"href":"https:\/\/www.contel.hr\/2021\/wp-json\/wp\/v2\/pages\/68\/revisions"}],"predecessor-version":[{"id":139,"href":"https:\/\/www.contel.hr\/2021\/wp-json\/wp\/v2\/pages\/68\/revisions\/139"}],"wp:attachment":[{"href":"https:\/\/www.contel.hr\/2021\/wp-json\/wp\/v2\/media?parent=68"}],"curies":[{"name":"wp","href":"https:\/\/api.w.org\/{rel}","templated":true}]}}

<div id="wp-block-themeisle-blocks-advanced-column-b97611a6" class="wp-block-themeisle-blocks-advanced-column">&nbsp;</div>


<p>Email:</p>



<ul><li>Mario Kušek, General Chair (<a href="mailto:mario.kusek@fer.hr">mario.kusek@fer.hr</a>)</li><li>Marin Vuković, Program Chair (<a href="mailto:marin.vukovic@fer.hr">marin.vukovic@fer.hr</a>)</li><li>Jasna Slavinić, Organizing Committee Chair (<a href="mailto:jasna.slavinic@fer.hr">jasna.slavinic@fer.hr</a>)</li></ul>



<p>Phone:</p>



<ul><li>+385 1 6129 810, Jasna Slavinić, Organizing Committee Chair</li></ul>



<p></p>

<p>&nbsp; Email: Mario Kušek, General Chair (mario.kusek@fer.hr) Marin Vuković, Program Chair (marin.vukovic@fer.hr) Jasna Slavinić, Organizing Committee Chair (jasna.slavinic@fer.hr) Phone: +385 1 6129 810, Jasna Slavinić, Organizing Committee Chair</p>
