{"id":366,"date":"2021-03-12T14:30:59","date_gmt":"2021-03-12T14:30:59","guid":{"rendered":"https:\/\/www.contel.hr\/2023\/?page_id=366"},"modified":"2023-03-20T12:50:32","modified_gmt":"2023-03-20T12:50:32","slug":"special-session-of-the-ceepus-network-ciii-bg-1103-07-2223","status":"publish","type":"page","link":"https:\/\/www.contel.hr\/2023\/special-session-of-the-ceepus-network-ciii-bg-1103-07-2223\/","title":{"rendered":"Special Session of the CEEPUS Network BG-1103-07-2223"},"content":{"rendered":"\n<h2><strong>The title of session&nbsp;<\/strong><\/h2>\n\n\n\n<p>International CEEEPUS-session on modern communications and related techno\u00adlogies\u00a0(organized by the members of CEEPUS Network BG-1103-07-2223 on \u201cModelling, Simulation and Computer-aided Design in Engineering and Management\u201d)<\/p>\n\n\n\n<h2><strong>Organizers<\/strong><\/h2>\n\n\n\n<p>Galia Marinova, Erich Leitgeb, Peter Planin\u0161i\u010d, Snje\u017eana Rimac-Drlje, Vera Markovic, Venceslav Kafedziski, Stefan Mocanu<\/p>\n\n\n\n<h2><strong>General Overview<\/strong><\/h2>\n\n\n\n<p>CEEPUS &#8211; The \u201cCentral European Exchange Program for University Studies\u201d is an inter\u00adnational exchange program involving universities that offer joint-degree programs, especially joint-doctoral programs among member countries in Central and Eastern Europe and the Balkan Peninsula. It is the product of an international agreement signed by the member states of CEEPUS. CEEPUS covers mobility grants for students and teachers in this framework.<\/p>\n\n\n\n<p>The most important objective of the network CIII-BG-1103 (Modelling, simulation and computer-aided design in engineering and management) is the cultural exchange of know-how and expertise. The cultural denotation means that the different partners of the network are from different education origins. Especially in engineering and management the ability to apply new point of views or approaches to replace well known and established classical approaches is low. The network, on basis of the bilateral personal contact, should transport new considerations in the fields of the involved partner institutions.<\/p>\n\n\n\n<h2><strong>Objectives of the Session<\/strong><\/h2>\n\n\n\n<p>The session will present papers on joint research developed in the CEEPUS Network BG-1103-07-2223 \u201cModelling, Simulation and Computer-aided Design in Engineering and Management\u201d.\u00a0 The papers planned are in the area of development of the Online CADCOM platform with\u00a0 Knowledge base assisting the PCB design tool selection and combination and review on decision making algorithms, optimizing IoT deployment for energy management in a harbor,\u00a0 web-based FPGA power consumption measurements and estimations,\u00a0 ground penetrating radar (GPR) data and convolutional neural networks (CNN).<\/p>\n\n\n\n<h2><strong>Deadlines for paper submission<\/strong><\/h2>\n\n\n\n<ul><li>April, 15, 2023: Full Papers, Due<\/li><li> May 7, 2023: Notification of Acceptance\/Rejection<\/li><li>May 21, 2023: Final, Camera Ready Papers, Due<\/li><\/ul>\n\n\n\n<h2><strong>Submission<\/strong><\/h2>\n\n\n\n<p>The papers shoud be submited via the EDAS-portal under the conference link of ConTEL 2023. Please follow the quidelines for regular papers. See also\u00a0<a href=\"https:\/\/www.contel.hr\/2023\/general-information\/\">general information at ConTEL 2023<\/a><\/p>\n\n\n\n<div class=\"wp-block-themeisle-blocks-advanced-columns has-1-columns has-desktop-equal-layout has-tablet-equal-layout has-mobile-equal-layout has-default-gap has-vertical-unset\" id=\"wp-block-themeisle-blocks-advanced-columns-f2e7a04f\"><div class=\"wp-block-themeisle-blocks-advanced-columns-overlay\"><\/div><div class=\"innerblocks-wrap\">\n<div class=\"wp-block-themeisle-blocks-advanced-column\" id=\"wp-block-themeisle-blocks-advanced-column-aa952a84\"><\/div>\n<\/div><\/div>\n","protected":false},"excerpt":{"rendered":"<p>The title of session&nbsp; International CEEEPUS-session on modern communications and related techno\u00adlogies\u00a0(organized by the members of CEEPUS Network BG-1103-07-2223 on \u201cModelling, Simulation and Computer-aided Design in Engineering and Management\u201d) Organizers Galia Marinova, Erich Leitgeb, Peter Planin\u0161i\u010d, Snje\u017eana Rimac-Drlje, Vera Markovic, Venceslav Kafedziski, Stefan Mocanu General Overview CEEPUS &#8211; The \u201cCentral European Exchange Program for University [&hellip;]<\/p>\n","protected":false},"author":2,"featured_media":0,"parent":0,"menu_order":0,"comment_status":"closed","ping_status":"closed","template":"","meta":[],"_links":{"self":[{"href":"https:\/\/www.contel.hr\/2023\/wp-json\/wp\/v2\/pages\/366"}],"collection":[{"href":"https:\/\/www.contel.hr\/2023\/wp-json\/wp\/v2\/pages"}],"about":[{"href":"https:\/\/www.contel.hr\/2023\/wp-json\/wp\/v2\/types\/page"}],"author":[{"embeddable":true,"href":"https:\/\/www.contel.hr\/2023\/wp-json\/wp\/v2\/users\/2"}],"replies":[{"embeddable":true,"href":"https:\/\/www.contel.hr\/2023\/wp-json\/wp\/v2\/comments?post=366"}],"version-history":[{"count":5,"href":"https:\/\/www.contel.hr\/2023\/wp-json\/wp\/v2\/pages\/366\/revisions"}],"predecessor-version":[{"id":1066,"href":"https:\/\/www.contel.hr\/2023\/wp-json\/wp\/v2\/pages\/366\/revisions\/1066"}],"wp:attachment":[{"href":"https:\/\/www.contel.hr\/2023\/wp-json\/wp\/v2\/media?parent=366"}],"curies":[{"name":"wp","href":"https:\/\/api.w.org\/{rel}","templated":true}]}}