{"id":404,"date":"2021-03-19T11:45:05","date_gmt":"2021-03-19T11:45:05","guid":{"rendered":"https:\/\/www.contel.hr\/2023\/?page_id=404"},"modified":"2023-07-11T10:29:09","modified_gmt":"2023-07-11T10:29:09","slug":"keynotes","status":"publish","type":"page","link":"https:\/\/www.contel.hr\/2023\/keynotes\/","title":{"rendered":"Keynote speakers"},"content":{"rendered":"\n<p>We are pleased to announce the following keynote and invited lectures (in alphabetical order):<\/p>\n\n\n\n<ul><li>Slavi\u0161a Aleksi\u0107, Hochschule f\u00fcr Technik, Wirtschaft und Kultur (HTWK), Leipzig, Germany<ul><li><a href=\"https:\/\/www.contel.hr\/2023\/slavisa-aleksic\/\">Network technologies for security and privacy preservation in audio- and video-based AAL systems<\/a><\/li><\/ul><\/li><li>Michael Bergmann, ANDRITZ Paper Engineered Services Austria<ul><li><a href=\"https:\/\/www.contel.hr\/2023\/michael-bergmann\/\">Digital Transformation in the Pulp and Paper Industry \u2013 A System Suppliers Journey<\/a><\/li><\/ul><\/li><li>Mariusz G\u0142\u0105bowski, Poznan University of Technology, Poland<ul><li><a href=\"https:\/\/www.contel.hr\/2023\/keynotes\/mariusz-glabowski\/\">Modern ICT teaching techniques at EUNICE European University<\/a><\/li><\/ul><\/li><li>Galia Marinova, Technical University of Sofia, Bulgaria<ul><li><a href=\"https:\/\/www.contel.hr\/2023\/galia-marinova\/\">A CEEPUS Network as an Environment for Initiating Successful European and International Projects for Speeding up the Development of South-East Europe<\/a><\/li><\/ul><\/li><\/ul>\n\n\n\n<p><\/p>\n","protected":false},"excerpt":{"rendered":"<p>We are pleased to announce the following keynote and invited lectures (in alphabetical order): Slavi\u0161a Aleksi\u0107, Hochschule f\u00fcr Technik, Wirtschaft und Kultur (HTWK), Leipzig, Germany Network technologies for security and privacy preservation in audio- and video-based AAL systems Michael Bergmann, ANDRITZ Paper Engineered Services Austria Digital Transformation in the Pulp and Paper Industry \u2013 A [&hellip;]<\/p>\n","protected":false},"author":1,"featured_media":0,"parent":0,"menu_order":0,"comment_status":"closed","ping_status":"closed","template":"","meta":[],"_links":{"self":[{"href":"https:\/\/www.contel.hr\/2023\/wp-json\/wp\/v2\/pages\/404"}],"collection":[{"href":"https:\/\/www.contel.hr\/2023\/wp-json\/wp\/v2\/pages"}],"about":[{"href":"https:\/\/www.contel.hr\/2023\/wp-json\/wp\/v2\/types\/page"}],"author":[{"embeddable":true,"href":"https:\/\/www.contel.hr\/2023\/wp-json\/wp\/v2\/users\/1"}],"replies":[{"embeddable":true,"href":"https:\/\/www.contel.hr\/2023\/wp-json\/wp\/v2\/comments?post=404"}],"version-history":[{"count":13,"href":"https:\/\/www.contel.hr\/2023\/wp-json\/wp\/v2\/pages\/404\/revisions"}],"predecessor-version":[{"id":1308,"href":"https:\/\/www.contel.hr\/2023\/wp-json\/wp\/v2\/pages\/404\/revisions\/1308"}],"wp:attachment":[{"href":"https:\/\/www.contel.hr\/2023\/wp-json\/wp\/v2\/media?parent=404"}],"curies":[{"name":"wp","href":"https:\/\/api.w.org\/{rel}","templated":true}]}}