{"id":834,"date":"2023-07-11T13:39:49","date_gmt":"2023-07-11T13:39:49","guid":{"rendered":"https:\/\/www.contel.hr\/2023\/?page_id=834"},"modified":"2023-07-12T08:21:29","modified_gmt":"2023-07-12T08:21:29","slug":"phd-forum-program","status":"publish","type":"page","link":"https:\/\/www.contel.hr\/2023\/phd-forum-program\/","title":{"rendered":"PhD Forum program"},"content":{"rendered":"\n<blockquote class=\"wp-block-quote\"><p>ConTEL 2023 will host a PhD Forum on <strong>Thursday, July 13, 2023<\/strong>. The event will <strong>start at 9:45 (not 9:00) <\/strong>and take place in the Seminar room (HF01092).<\/p><p>The PhD Forum consists of two parts: (1) fast-paced pitch talk presentations given by the students, and (2) a poster session in the exhibition area, which will provide an opportunity for discussion between the PhD Forum participants and the audience.<\/p><\/blockquote>\n\n\n\n<p><\/p>\n\n\n\n<h3>Program<\/h3>\n\n\n\n<h4 id=\"phdforum\">9:45 &#8211; 10:20 PhD Forum &#8211; presentations<\/h4>\n\n\n\n<p id=\"phd-forum\"><strong>Seminar room<\/strong> (HF01092, 1st floor)<\/p>\n\n\n\n<h6>Session Chairs: <br>Reinhard Teschl, Graz University of Technology, Austria<br>Matev\u017e Pusti\u0161ek, University of Ljubljana, Slovenia<\/h6>\n\n\n\n<div>\n<dl>\n<dt><em>Semi-Supervised Approach of Predicting Aqueous Solubility using Few-Shot Learning<\/em><\/dt>\n<dd>\n<div>Domagoj Begu\u0161i\u0107 (University of Zagreb, Croatia); Damir Pintar (University of Zagreb, Faculty of Electrical Engineering and Computing, Croatia)<\/div>\n<\/dd>\n<dt><em>System for Generating and Detecting Quasi-Continuous THz Waves Based on Photoconductive Antennas and a single laser diode<\/em><\/dt>\n<dd>\n<div>Pongrac Blaz and Andrej Sarjas (University of Maribor, Slovenia)<\/div>\n<\/dd>\n<dt><em>Scalability, Trust and Functionality: The Key Factors of Blockchain in Shared Manufacturing<\/em><\/dt>\n<dd>\n<div>Jay Boji\u010d Burgos (University of Ljubljana, Slovenia); Matev\u017e Pusti\u0161ek (University of Ljubljana &amp; Faculty of Electrical Engineering, Slovenia)<\/div>\n<\/dd>\n<dt><em>Liquid Crystal based Reconfigurable Antennas for Indoor-Localization Applications<\/em><\/dt>\n<dd>\n<div>Gerzon Gomez-Bravo and Reinhard Teschl (Graz University of Technology, Austria); Wolfgang Bosch (Graz University of Technology &amp; Institute of Microwave and Photonic Engineering, Austria)<\/div>\n<\/dd>\n<dt><em>Advancing Automotive Monitoring Systems and Wireless Connectivity in Harsh Environments<\/em><\/dt>\n<dd>\n<div>Daniel Kraus (Pro2Future GmbH &amp; Graz University of Technology, Austria); Erich Leitgeb (Graz University of Technology, Austria)<\/div>\n<\/dd>\n<dt><em>A Ka-band 8W GaN MMIC DPA with On-Chip Phase Tuning Featuring a Novel Doherty Combiner<\/em><\/dt>\n<dd>\n<div>Jose Romero Lopera, Michael Gadringer and Erich Leitgeb (Graz University of Technology, Austria)<\/div>\n<\/dd>\n<dt><em>Modulation Techniques for Visible Light Communication Communicating Wristband Application<\/em><\/dt>\n<dd>\n<div>Saman Zahiri-Rad (Institute of Microwave and Photonic Engineering, Technical University Graz); Erich Leitgeb (Graz University of Technology, Austria)<\/div>\n<\/dd>\n<\/dl>\n<\/div>\n\n\n\n<p id=\"phd-forum\"><strong>10:20 &#8211; 10:50 Coffee break <\/strong><\/p>\n\n\n\n<h4 id=\"phdforum\">10:50 &#8211; 11:50 PhD Forum (cont&#8217;d) &#8211; poster session<\/h4>\n\n\n\n<p>Authors in attendance and poster discussion.<\/p>\n\n\n\n<p>Awards will be given to the students for best pitch-talk and the best poster. <\/p>\n","protected":false},"excerpt":{"rendered":"<p>ConTEL 2023 will host a PhD Forum on Thursday, July 13, 2023. The event will start at 9:45 (not 9:00) and take place in the Seminar room (HF01092). The PhD Forum consists of two parts: (1) fast-paced pitch talk presentations given by the students, and (2) a poster session in the exhibition area, which will [&hellip;]<\/p>\n","protected":false},"author":3,"featured_media":0,"parent":0,"menu_order":0,"comment_status":"closed","ping_status":"closed","template":"","meta":[],"_links":{"self":[{"href":"https:\/\/www.contel.hr\/2023\/wp-json\/wp\/v2\/pages\/834"}],"collection":[{"href":"https:\/\/www.contel.hr\/2023\/wp-json\/wp\/v2\/pages"}],"about":[{"href":"https:\/\/www.contel.hr\/2023\/wp-json\/wp\/v2\/types\/page"}],"author":[{"embeddable":true,"href":"https:\/\/www.contel.hr\/2023\/wp-json\/wp\/v2\/users\/3"}],"replies":[{"embeddable":true,"href":"https:\/\/www.contel.hr\/2023\/wp-json\/wp\/v2\/comments?post=834"}],"version-history":[{"count":21,"href":"https:\/\/www.contel.hr\/2023\/wp-json\/wp\/v2\/pages\/834\/revisions"}],"predecessor-version":[{"id":1336,"href":"https:\/\/www.contel.hr\/2023\/wp-json\/wp\/v2\/pages\/834\/revisions\/1336"}],"wp:attachment":[{"href":"https:\/\/www.contel.hr\/2023\/wp-json\/wp\/v2\/media?parent=834"}],"curies":[{"name":"wp","href":"https:\/\/api.w.org\/{rel}","templated":true}]}}